11 + -1))?
-37
What is 29 + -16 - (6 + 8 + -11)?
10
What is the value of 51 + (29 + -23 - 4)?
53
Evaluate (6 + (10 - 11) - 28) + 17 + -13.
-19
Calculate 87 + 82 + -108 + -41.
20
What is the value of 12 - (38 + 2) - -60?
32
What is 122 + -70 - 100 - -33 - (6 - -1)?
-22
What is the value of -3 + -4 - ((42 - -3) + -68)?
16
(-173 - -194) + (-14 - 1) - 21
-15
Calculate 22 - (226 + (-80 - 28)).
-96
-71 + 2 + -3 + (-219 - -245)
-46
What is 8 - (1 + 43 - (78 + -88))?
-46
1536 - 1534 - (-3 + 1)
4
Evaluate (6 - (1 - -15)) + -4 + 29.
15
Calculate 44 - (-57 - (-34 - 61)).
6
What is the value of 45 + (-27 - 10) - (-43 + (-2 - -7))?
46
Evaluate 9 - (15 - (-21 - -30 - -14)).
17
What is the value of (1 - 11) + -50 + (-9 - -38)?
-31
What is 117 - (51 - (-73 + -6))?
-13
Evaluate 43 - (1 + (-15 - -1 - (-2 + -13 + 6))).
47
What is -1 + -20 - (187 - 206)?
-2
Evaluate 39 + (3 - 6) - -30.
66
What is the value of (-3 + 13 - (-3 - -3)) + -48?
-38
What is the value of -17 + (-144 - -120) - 70?
-111
What is 0 + 1 - -2 - (22 + 56 + (41 - 86))?
-30
What is 14 + (-112 + 125 - (-2 - -11)) - -12?
30
What is the value of -31 - 35 - -80 - 79?
-65
Evaluate -6 + -7 + -2 - (250 + -244).
-21
Evaluate -58 - (17 + -22) - (-60 + 79).
-72
Evaluate (-12 - -35) + (-158 - -25) - (-4 + -13).
-93
Evaluate (17 - 18) + (22 - -41 - 32).
30
What is (-1 - (-4 + -1)) + -3 + -1 + 778 + -880?
-102
Calculate 48 - (-3 + 145 + -39).
-55
34 + (-6 - 5 - (13 + (-9 - 16)))
35
What is (110 - (30 - 14)) + -10 + 1 + 0?
85
(-41 - (19 + -17)) + (-19 + 8 - -3)
-51
What is the value of 0 - -30 - 47 - -56?
39
Calculate 65 - (-12 + 70 - 42).
49
-15 + 2 - (71 - 17 - 70)
3
What is -9 + 33 + 5 + (5 - 3 - 8)?
23
What is the value of 7157 + -7230 - (-138 - -1)?
64
What is 46 - (31 + 59) - -101?
57
13 + (29 - 65 - (2 + 4)) + 10
-19
-98 + -38 + 19 + (20 - 4) - -17
-84
Evaluate -33 - (24 + -55 + 42).
-44
2498 - 2428 - (6 + 2)
62
Calculate (-2 + 2 - -9) + (62 - 123) + 65.
13
(2 - 5 - 103) + 216
110
What is the value of -16 - (-15 + -41 + -1)?
41
What is 1 + -4 + -7 - (-36 - (102 - 205))?
-77
Calculate -29 - (23 - (-21 - 20)).
-93
Evaluate 5 - -1 - (-7 - (-18 - (-16 + 24))) - 86.
-99
Evaluate 22 - 30 - -32 - 2 - (3 + 0).
19
-2982 + 2986 - ((19 - 90) + (3 - -1))
71
Evaluate -2 - (-8 + (-113 - -37 - 24)).
106
(7 - (-9 - 3)) + -15 + 33
37
What is the value of 270 + -257 + (0 - 10) + 5?
8
What is -94 - -8 - (-54 + 23 + -1)?
-54
Evaluate -22 - (-22 + -17 + (37 - -22)).
-42
-14 - (6 - (11 + -1 + 8 - 7))
-9
What is 6 + 98 - ((10 - (4 + -5 + -5)) + -14)?
102
42 + -43 - 10 - 39
-50
Calculate (0 - (1 + (-6 - -7))) + 4 + 8 + 24.
34
What is the value of -50 + (60 - 8) - (-63 + (1 - 1))?
65
What is 2 - (80 - 39 - 26) - -75?
62
-6 + -5 + 24 + 22 + -10
25
What is the value of (5 + 0 - 1) + 1 - -3 - (-205 + 179)?
34
-22 + 16 - (-5 - -4) - (2 + -2) - 1
-6
Calculate -8 - (-16 - 2) - (-1 - ((-6 - 41) + -6)).
-42
What is 0 - (9 + 3) - (0 + -13)?
1
(-76 - 1 - 1) + (14 + (-71 - -23) - -45)
-67
Evaluate -25 + (18 + -9 - 13) + 5 + -5.
-29
Calculate (-3 + (-9 - -3) - (62 + -23 - 55)) + 14.
21
What is 105 - 92 - (5 - -50 - -4)?
-46
Evaluate -1 - 10 - ((-23 - -2) + (-49 - (37 + -67))).
29
What is the value of (0 - 10 - (78 - 84)) + 8 + (54 - 3)?
55
What is the value of (-9 - -30) + 46 + 61 - (5 + -5 - -13)?
115
31 + -28 + (30 - (-8 - -44))
-3
What is the value of -3 + 6 + 14 + -58?
-41
What is 36 + 3 + (4 - 3) + -5?
35
Evaluate -23 - 1 - (68 - 88) - -4.
0
Evaluate 2 + 6 + (77 - 82) + 10 + 14.
27
Evaluate -18 + 5 - -20 - (21 - (17 + -9)) - 2.
-8
What is 12 - ((-20 - (28 + -88)) + -25)?
-3
-277 + 202 + ((12 - -2) + -1 - (-1 + 3))
-64
Calculate (-1 - 8) + 9 - (0 + -60 - -12 - -11).
37
What is the value of 11 - (-30 + (31 - 11) - (2 + 0))?
23
What is the value of 587 + -593 + (6 - 2)?
-2
93 + 66 + -112 + -3
44
What is the value of 11 - (68 + -14 + -45)?
2
Calculate -21 + 0 - (720 + -755).
14
Evaluate -1 + 0 + 6 + -4 + 9 - (-748 - -710).
48
Calculate (187 - 178) + (0 + -1 - 11) + -35.
-38
What is 1 + -7 + -96 + 96 - (-4 + 16)?
-18
Calculate -87 - (15 + -5 + (-3 - (-6 + 0 - -7))).
-93
What is the value of 68 + -180 + 51 + 118?
57
What is the value of (2146 - 2137) + -57 + 3?
-45
What is the value of (-13 - (1 - 2) - ((-157 - -71) + 45)) + -11?
18
What is -35 + 58 - (1 + (5 - (13 + -2)))?
28
What is the value of -38 - (-6 - ((-9 - 7) + 13))?
-35
Evaluate 23 - (31 + -44 + 61).
-25
-161 + (16 - 5) - (256 - 303)
-103
2 + 0 - ((-44 - ((-2 - -10) + -9)) + 12)
33
Evaluate 10 - (19 - (-44 - -21)).
-32
Evaluate -1 + -1 + -14 - (922 - 950).
12
Evaluate -130 + -3 + 38 - -83.
-12
(-34 - 3) + (4400 - 4411)
-48
-19 - (-22 + (6 - -3)) - 5 - -81
70
What is -53 + (-6 - (4 - (0 - -3))) + (381 - 371)?
-50
(35 - 69 - (-24 + 1)) + 48 + 3
40
What is the value of (-13 + -6 - 0) + 24 + -13 - -2?
-6
What is (36 - 11) + 25 - 10?
40
Calculate ((25 - 11) + -4 + -1 + -5 - 10) + -54.
-60
What is 4838 + -4835 + (2 - 68)?
-63
Calculate 9 + -66 + 30 + -2 + 3 + 1.
-25
-8 - (-21 + 8) - (11 - 12)
6
(5133 - 5059) + -7 + 0 + (-24 - -25)
68
4 + (-16 - -19) + -10 + -91 - -1
-93
What is -4 - (0 + -18 - (5 - -40))?
59
(81 - 94) + (149 - 66)
70
Evaluate -30 + (1 + 24 + -3 - 63).
-71
Evaluate 1 - (19 + (-20 - (-110 - -3)) + 6).
-111
What is -68 + (-24 - -19 - 19)?
-92
What is the value of 104 + -77 + (39 - 16)?
50
5 + 0 + 5 - (1 + -7 - (-2 + -3))
11
35 + -75 + 28 + 30
18
Evaluate -8 + -16 + (-23 + 11 - -23).
-13
Evaluate 12 + 5 + -24 + 63 + -1.
55
Calculate 76 - (10 - (55 - 99)).
22
Evaluate -2 - -7 - -12 - ((37 - 28) + 6).
2
Evaluate -2 + 44 + (1 + -27 - (-349 + 323)).
42
What is 13 - (-1 + -6 - (-45 + -20 + 41))?
-4
Calculate 30 + 0 - (989 + -1000).
41
Evaluate 49 + (19 - 31 - -16 - 28).
25
Calculate (67 - 30) + 4 - (16 + 0).
25
Calculate -44 - ((61 - 48) + -87).
30
Calculate 42 + 15 + -186 + 84.
-45
5 + 0 - -135 - 103
37
What is -25 + (-10 - (-73 + 28 - -22))?
-12
What is the value of 114 + -1 + (-31096 - -30870)?
-113
What is (43 - 8) + (-367 - -407)?
75
Evaluate (-11 - -2 - (-6 + -2)) + (1 - 12) - -170.
158
What is -55 + 6 - (8 + (-13 - (-5 - 1) - -1))?
-51
Calculate 19 + (12 - -17) - (-1 + -4).
53
Calculate -11 - (20 - 4) - (-58 - -31).
0
(81 - -27) + 2 + -81
29
What is -10 - 26 - -30 - ((57 - 10) + (0 - -3))?
-56
What is 955 + -917 - (2 - (-9 + 21))?
48
Calculate -586 + 620 - (11 - -56).
-33
Evaluate -7 - -2 - (13 - 21) - (148 + -15 + -1).
-129
Evaluate 20 - (172 + -195 - (-2 - 33)).
8
What is the value of 49 - 19 - 3 - -53?
80
Evaluate (-3 - (-1 - 9)) + -118 + 80 - 14.
-45
What is 6 - 2 - (2940 + -2964)?
28
What is -10 - 2 - (38 + (13 - 44))?
-19
Evaluate 0 - 5 - (-10 + 75) - (-27 + (13 - -3)).
-59
What is the value of (63 - 2) + 31 + 15 + -51 + 2 + -2?
56
Evaluate -3 - (18 + 8 + (-14 - 6)).
-9
(2 - 8) + (0 - -11 - 22 - -6)
-11
Calculate (230 - 217) + (3 - (-6 - (-23 + -3))).
-4
Calculate (25 + -8 - (-66 - -79)) + -4.
0
What is the value of 0 + -1 - (35 - 70 - -42) - 25?
-33
Evaluate 2 + 5 + -10 + -55 + -6 + -15 + -8.
-87
What is the value of (46 - 2) + -3332 + 3413 - (8 + -2)?
119
What is (123 - 63) + -130 - -42?
-28
-14 - (1 + -23 - (705 - 739))
-26
78 + (40 - 24) - (8 - (0 - 3))
83
Evaluate -7 + 30 - 12 - -12 - (-4 + 19).
8
What is -1 + 38 + -136 + -9 + -1 + 6 + 13?
-90
-6 + -14 + 28 - (-1 - -50 - -3)
-44
What is the value of (-26 - (-5 + -12)) + 30 - 53?
-32
Evaluate (31 - -5) + (24 - -7).
67
Calculate (96 - (-30 + 8)) + (-1 - 22).
95
What is the value of 12 + -1 + (-12 - (-23 + 12)) + (-82 - -21)?
-51
What is -30 + (-14 - (-7 + -25)) + (-31 - 2)?
-45
Calculate -23 + (-54 + 118 - 46).
-5
What is the value of 589 + -568 - (3 - (-1 - 57))?
-40
What is the value of (-2 - 24) + 24 + -5 + 4?
-3
What is (-25 - ((-16 - 37) + 20)) + -25?
-17
What is (20 - (20 - 16)) + 17 - 59?
-26
Calculate (124 - (36 + -67)) + -75.
80
Evaluate 1 - (-5 + (4 - (7 - 12)) - -2).
-5
Calculate (-8 - (10 - 15 - 57)) + (6 - -3 - -5).
68
What is the value of 28 + -59 + 12 + 14?
-5
What is the value of 2 + (-34 - (-48 - -35))?
-19
What is the value of -4 + (3 + -23 + 25 - (7 - 1)) + 1?
-4
(-54 - (46 - 159)) + 2
61
What is the value of -88 - (98 + -8 - 250)?
72
Evaluate 37 + (61 - (-18 + 48 + 8)).
60
Calculate -9 + (5 - (2 + -12 - (54 + -65))) + 87.
82
Calculate -2739 + 2712 - (-1 - 135).
109
What is the value of 15